{"id":63,"date":"2023-11-27T09:15:25","date_gmt":"2023-11-27T09:15:25","guid":{"rendered":"https:\/\/demo.bravisthemes.com\/graviton\/?page_id=63"},"modified":"2026-02-01T15:32:22","modified_gmt":"2026-02-01T15:32:22","slug":"project-style-1","status":"publish","type":"page","link":"https:\/\/mensosarl.com\/new\/project-style-1\/","title":{"rendered":"Nos R\u00e9f\u00e9rences"},"content":{"rendered":"\t\t<div data-elementor-type=\"wp-page\" data-elementor-id=\"63\" class=\"elementor elementor-63\">\n\t\t\t\t        <section class=\"elementor-section elementor-top-section elementor-element elementor-element-22c349c elementor-section-stretched elementor-section-boxed elementor-section-height-default elementor-section-height-default pxl-row-scroll-none pxl-zoom-point-false pxl-section-overflow-visible pxl-section-fix-none pxl-bg-color-none pxl-section-overlay-none\" data-id=\"22c349c\" data-element_type=\"section\" data-e-type=\"section\" data-settings=\"{&quot;stretch_section&quot;:&quot;section-stretched&quot;}\">\n\n                \n                <div class=\"elementor-container elementor-column-gap-extended \">\n                <div class=\"elementor-column elementor-col-100 elementor-top-column elementor-element elementor-element-0c042c9 pxl-column-none pxl-column-overflow-hidden-no\" data-id=\"0c042c9\" data-element_type=\"column\" data-e-type=\"column\">\r\n        <div class=\"elementor-widget-wrap elementor-element-populated\">\r\n                     \r\n        \t\t<div class=\"elementor-element elementor-element-3981c62 pxl-post-layout-portfolio-2 elementor-widget elementor-widget-pxl_post_grid\" data-id=\"3981c62\" data-element_type=\"widget\" data-e-type=\"widget\" data-widget_type=\"pxl_post_grid.default\">\n\t\t\t\t<div class=\"elementor-widget-container\">\n\t\t\t\t\t\n<div id=\"pxl_post_grid-3981c62-8305\" class=\"pxl-grid pxl-portfolio-grid pxl-portfolio-grid-layout2 pxl-portfolio-style2\" data-start-page=\"1\" data-max-pages=\"1\" data-total=\"4\" data-perpage=\"6\" data-next-link=\"\">\n            <div class=\"pxl-grid-filter normal style-1\">\n            <div class=\"pxl--filter-inner\">\n                <span class=\"filter-item active\" data-filter=\"*\">All<\/span>\n                                                                            \n                    <span class=\"filter-item\" data-filter=\".references\">\n                        R\u00e9f\u00e9rences                    <\/span>\n                            <\/div>\n        <\/div>\n        <div class=\"pxl-el-divider\"><\/div>\n    \n    <div class=\"pxl-grid-inner pxl-grid-masonry row\" data-gutter=\"15\">\n        <div class=\"grid-sizer col-xl-6 col-lg-6 col-md-6 col-sm-12 col-12\"><\/div>\n                        <div class=\"pxl-grid-item col-xl-6 col-lg-6 col-md-6 col-sm-12 col-12 references\">\n                    <div class=\"pxl-post--inner \" data-wow-duration=\"1.2s\">\n                        <a class=\"overlay-box\" href=\"https:\/\/mensosarl.com\/new\/portfolio\/audit-technique-de-lautoroute-singrobo-yamoussoukro\/\">   \n                        <\/a>\n                        <div class=\"pxl-post--featured hover-imge-effect3\"><img fetchpriority=\"high\" decoding=\"async\" class=\"no-lazyload \" src=\"https:\/\/mensosarl.com\/new\/wp-content\/uploads\/2026\/02\/493902617_3117987928386594_1465189529923708976_n-570x436.jpg\" width=\"570\" height=\"436\" alt=\"493902617_3117987928386594_1465189529923708976_n\" title=\"493902617_3117987928386594_1465189529923708976_n\" \/><\/div>\n                        <div class=\"pxl-post--holder\">\n                                                            <div class=\"pxl-post--category\">\n                                    <a href=\"https:\/\/mensosarl.com\/new\/portfolio-category\/references\/\" rel=\"tag\">R\u00e9f\u00e9rences<\/a>                                <\/div>\n                                                        <div class=\"pxl-meta\">\n                                <h5 class=\"pxl-post--title\">\n                                    <a href=\"https:\/\/mensosarl.com\/new\/portfolio\/audit-technique-de-lautoroute-singrobo-yamoussoukro\/\">   \n                                        Audit technique de l&#8217;Autoroute SINGROBO-YAMOUSSOUKRO                                    <\/a>\n                                <\/h5>\n                                <div class=\"btn-readmore\">\n                                    <a href=\"https:\/\/mensosarl.com\/new\/portfolio\/audit-technique-de-lautoroute-singrobo-yamoussoukro\/\">   \n                                        <span class=\"button-arrow-hover\">\n                                            <i class=\"far fa-arrow-right\"><\/i>\n                                            <i class=\"far fa-arrow-right\"><\/i>\n                                        <\/span>\n                                    <\/a>\n                                <\/div>\n                            <\/div>\n                        <\/div>\n                        \n                    <\/div>\n                <\/div>\n                                    <div class=\"pxl-grid-item col-xl-6 col-lg-6 col-md-6 col-sm-12 col-12 references\">\n                    <div class=\"pxl-post--inner \" data-wow-duration=\"1.2s\">\n                        <a class=\"overlay-box\" href=\"https:\/\/mensosarl.com\/new\/portfolio\/expertise-des-degradations-sur-lautoroute-section-singrobo-yamoussoukro\/\">   \n                        <\/a>\n                        <div class=\"pxl-post--featured hover-imge-effect3\"><img decoding=\"async\" class=\"no-lazyload \" src=\"https:\/\/mensosarl.com\/new\/wp-content\/uploads\/2026\/02\/494233981_3117988305053223_4782844215808982127_n-570x436.jpg\" width=\"570\" height=\"436\" alt=\"494233981_3117988305053223_4782844215808982127_n\" title=\"494233981_3117988305053223_4782844215808982127_n\" \/><\/div>\n                        <div class=\"pxl-post--holder\">\n                                                            <div class=\"pxl-post--category\">\n                                    <a href=\"https:\/\/mensosarl.com\/new\/portfolio-category\/references\/\" rel=\"tag\">R\u00e9f\u00e9rences<\/a>                                <\/div>\n                                                        <div class=\"pxl-meta\">\n                                <h5 class=\"pxl-post--title\">\n                                    <a href=\"https:\/\/mensosarl.com\/new\/portfolio\/expertise-des-degradations-sur-lautoroute-section-singrobo-yamoussoukro\/\">   \n                                        Expertise des d\u00e9gradations sur l&#8217;Autoroute section SINGROBO-YAMOUSSOUKRO                                    <\/a>\n                                <\/h5>\n                                <div class=\"btn-readmore\">\n                                    <a href=\"https:\/\/mensosarl.com\/new\/portfolio\/expertise-des-degradations-sur-lautoroute-section-singrobo-yamoussoukro\/\">   \n                                        <span class=\"button-arrow-hover\">\n                                            <i class=\"far fa-arrow-right\"><\/i>\n                                            <i class=\"far fa-arrow-right\"><\/i>\n                                        <\/span>\n                                    <\/a>\n                                <\/div>\n                            <\/div>\n                        <\/div>\n                        \n                    <\/div>\n                <\/div>\n                                    <div class=\"pxl-grid-item col-xl-6 col-lg-6 col-md-6 col-sm-12 col-12 references\">\n                    <div class=\"pxl-post--inner \" data-wow-duration=\"1.2s\">\n                        <a class=\"overlay-box\" href=\"https:\/\/mensosarl.com\/new\/portfolio\/expertise-sur-la-grave-bitume-de-la-route-abobo-anyama\/\">   \n                        <\/a>\n                        <div class=\"pxl-post--featured hover-imge-effect3\"><img decoding=\"async\" class=\"no-lazyload \" src=\"https:\/\/mensosarl.com\/new\/wp-content\/uploads\/2026\/02\/amenagement-de-la-route-abobo-anyama-4-570x436.webp\" width=\"570\" height=\"436\" alt=\"amenagement-de-la-route-abobo-anyama-4\" title=\"amenagement-de-la-route-abobo-anyama-4\" \/><\/div>\n                        <div class=\"pxl-post--holder\">\n                                                            <div class=\"pxl-post--category\">\n                                    <a href=\"https:\/\/mensosarl.com\/new\/portfolio-category\/references\/\" rel=\"tag\">R\u00e9f\u00e9rences<\/a>                                <\/div>\n                                                        <div class=\"pxl-meta\">\n                                <h5 class=\"pxl-post--title\">\n                                    <a href=\"https:\/\/mensosarl.com\/new\/portfolio\/expertise-sur-la-grave-bitume-de-la-route-abobo-anyama\/\">   \n                                        Expertise sur la Grave-Bitume de la route ABOBO-ANYAMA                                    <\/a>\n                                <\/h5>\n                                <div class=\"btn-readmore\">\n                                    <a href=\"https:\/\/mensosarl.com\/new\/portfolio\/expertise-sur-la-grave-bitume-de-la-route-abobo-anyama\/\">   \n                                        <span class=\"button-arrow-hover\">\n                                            <i class=\"far fa-arrow-right\"><\/i>\n                                            <i class=\"far fa-arrow-right\"><\/i>\n                                        <\/span>\n                                    <\/a>\n                                <\/div>\n                            <\/div>\n                        <\/div>\n                        \n                    <\/div>\n                <\/div>\n                                    <div class=\"pxl-grid-item col-xl-6 col-lg-6 col-md-6 col-sm-12 col-12 references\">\n                    <div class=\"pxl-post--inner \" data-wow-duration=\"1.2s\">\n                        <a class=\"overlay-box\" href=\"https:\/\/mensosarl.com\/new\/portfolio\/etude-dexecution-de-la-plateforme-de-peage-de-lautoroute-abidjan-bassam\/\">   \n                        <\/a>\n                        <div class=\"pxl-post--featured hover-imge-effect3\"><img loading=\"lazy\" decoding=\"async\" class=\"no-lazyload \" src=\"https:\/\/mensosarl.com\/new\/wp-content\/uploads\/2024\/05\/01-1-570x436.webp\" width=\"570\" height=\"436\" alt=\"01\" title=\"01\" \/><\/div>\n                        <div class=\"pxl-post--holder\">\n                                                            <div class=\"pxl-post--category\">\n                                    <a href=\"https:\/\/mensosarl.com\/new\/portfolio-category\/references\/\" rel=\"tag\">R\u00e9f\u00e9rences<\/a>                                <\/div>\n                                                        <div class=\"pxl-meta\">\n                                <h5 class=\"pxl-post--title\">\n                                    <a href=\"https:\/\/mensosarl.com\/new\/portfolio\/etude-dexecution-de-la-plateforme-de-peage-de-lautoroute-abidjan-bassam\/\">   \n                                        Etude d&#8217;ex\u00e9cution de la Plateforme de P\u00e9age de l&#8217;Autoroute ABIDJAN-BASSAM                                    <\/a>\n                                <\/h5>\n                                <div class=\"btn-readmore\">\n                                    <a href=\"https:\/\/mensosarl.com\/new\/portfolio\/etude-dexecution-de-la-plateforme-de-peage-de-lautoroute-abidjan-bassam\/\">   \n                                        <span class=\"button-arrow-hover\">\n                                            <i class=\"far fa-arrow-right\"><\/i>\n                                            <i class=\"far fa-arrow-right\"><\/i>\n                                        <\/span>\n                                    <\/a>\n                                <\/div>\n                            <\/div>\n                        <\/div>\n                        \n                    <\/div>\n                <\/div>\n                        <\/div>\n        <\/div>\t\t\t\t<\/div>\n\t\t\t\t<\/div>\n\t\t            <\/div>\r\n        <\/div>\r\n        \t\t\t<\/div>\n\t\t<\/section>\n\t\t\t\t<\/div>\n\t\t","protected":false},"excerpt":{"rendered":"<p>All R\u00e9f\u00e9rences R\u00e9f\u00e9rences Audit technique de l&#8217;Autoroute SINGROBO-YAMOUSSOUKRO R\u00e9f\u00e9rences Expertise des d\u00e9gradations sur l&#8217;Autoroute section SINGROBO-YAMOUSSOUKRO R\u00e9f\u00e9rences Expertise sur la Grave-Bitume de la route ABOBO-ANYAMA R\u00e9f\u00e9rences Etude d&#8217;ex\u00e9cution de la Plateforme de P\u00e9age de l&#8217;Autoroute ABIDJAN-BASSAM<\/p>\n","protected":false},"author":1,"featured_media":0,"parent":0,"menu_order":0,"comment_status":"closed","ping_status":"closed","template":"","meta":{"pagelayer_contact_templates":[],"_pagelayer_content":"","footnotes":""},"class_list":["post-63","page","type-page","status-publish","hentry"],"_links":{"self":[{"href":"https:\/\/mensosarl.com\/new\/wp-json\/wp\/v2\/pages\/63","targetHints":{"allow":["GET"]}}],"collection":[{"href":"https:\/\/mensosarl.com\/new\/wp-json\/wp\/v2\/pages"}],"about":[{"href":"https:\/\/mensosarl.com\/new\/wp-json\/wp\/v2\/types\/page"}],"author":[{"embeddable":true,"href":"https:\/\/mensosarl.com\/new\/wp-json\/wp\/v2\/users\/1"}],"replies":[{"embeddable":true,"href":"https:\/\/mensosarl.com\/new\/wp-json\/wp\/v2\/comments?post=63"}],"version-history":[{"count":7,"href":"https:\/\/mensosarl.com\/new\/wp-json\/wp\/v2\/pages\/63\/revisions"}],"predecessor-version":[{"id":17219,"href":"https:\/\/mensosarl.com\/new\/wp-json\/wp\/v2\/pages\/63\/revisions\/17219"}],"wp:attachment":[{"href":"https:\/\/mensosarl.com\/new\/wp-json\/wp\/v2\/media?parent=63"}],"curies":[{"name":"wp","href":"https:\/\/api.w.org\/{rel}","templated":true}]}}