{"id":17837,"date":"2026-02-24T18:27:37","date_gmt":"2026-02-24T18:27:37","guid":{"rendered":"https:\/\/mensosarl.com\/new\/?post_type=product&#038;p=17837"},"modified":"2026-02-24T18:27:37","modified_gmt":"2026-02-24T18:27:37","slug":"detente-evasion-dans-la-merveilleuse-region-daboisso","status":"publish","type":"product","link":"https:\/\/mensosarl.com\/new\/product\/detente-evasion-dans-la-merveilleuse-region-daboisso\/","title":{"rendered":"D\u00c9TENTE, \u00c9VASION DANS LA MERVEILLEUSE R\u00c9GION D&#8217;ABOISSO"},"content":{"rendered":"<p>D\u00c9TENTE, \u00c9VASION DANS LA MERVEILLEUSE R\u00c9GION D&#8217;ABOISSO<\/p>\n","protected":false},"excerpt":{"rendered":"<p>D\u00c9TENTE, \u00c9VASION DANS LA MERVEILLEUSE R\u00c9GION D&#8217;ABOISSO<\/p>\n","protected":false},"featured_media":17813,"comment_status":"open","ping_status":"closed","template":"","meta":{"pagelayer_contact_templates":[],"_pagelayer_content":""},"product_brand":[],"product_cat":[103],"product_tag":[],"class_list":{"0":"post-17837","1":"product","2":"type-product","3":"status-publish","4":"has-post-thumbnail","6":"product_cat-ouvrages-dr-menin","8":"first","9":"instock","10":"shipping-taxable","11":"purchasable","12":"product-type-simple"},"_links":{"self":[{"href":"https:\/\/mensosarl.com\/new\/wp-json\/wp\/v2\/product\/17837","targetHints":{"allow":["GET"]}}],"collection":[{"href":"https:\/\/mensosarl.com\/new\/wp-json\/wp\/v2\/product"}],"about":[{"href":"https:\/\/mensosarl.com\/new\/wp-json\/wp\/v2\/types\/product"}],"replies":[{"embeddable":true,"href":"https:\/\/mensosarl.com\/new\/wp-json\/wp\/v2\/comments?post=17837"}],"wp:featuredmedia":[{"embeddable":true,"href":"https:\/\/mensosarl.com\/new\/wp-json\/wp\/v2\/media\/17813"}],"wp:attachment":[{"href":"https:\/\/mensosarl.com\/new\/wp-json\/wp\/v2\/media?parent=17837"}],"wp:term":[{"taxonomy":"product_brand","embeddable":true,"href":"https:\/\/mensosarl.com\/new\/wp-json\/wp\/v2\/product_brand?post=17837"},{"taxonomy":"product_cat","embeddable":true,"href":"https:\/\/mensosarl.com\/new\/wp-json\/wp\/v2\/product_cat?post=17837"},{"taxonomy":"product_tag","embeddable":true,"href":"https:\/\/mensosarl.com\/new\/wp-json\/wp\/v2\/product_tag?post=17837"}],"curies":[{"name":"wp","href":"https:\/\/api.w.org\/{rel}","templated":true}]}}